. Calculate the highest common factor of p and 8.
4
Let k = -3 + 7. Let j be 40/(-90) + ((-368)/(-18) - 0). Calculate the greatest common factor of j and k.
4
Let c = 17 - 11. Suppose s - c*s + 45 = 0. Let m = 154 - 55. What is the greatest common divisor of s and m?
9
Suppose -2*c = -1 - 5. Suppose -3*s - c = -4*s + 3*x, -5*s - 1 = x. Let f be 4*8 + (s - -1). Calculate the highest common factor of 22 and f.
11
Suppose 120 = 62*s - 58*s. What is the highest common factor of 12 and s?
6
Let c = -101 - -213. Calculate the greatest common divisor of c and 7.
7
Let f be (-3045)/(-20) - (2 + (-7)/4). Calculate the greatest common factor of 8 and f.
8
Let j = 29 + -11. Let t(q) = q**3 + q**2 + q - 1. Let d be t(0). Let i be -2 + (-1 - d) + 56. What is the highest common divisor of i and j?
18
Let x be (-210)/18*(-18)/15. Suppose r - 26 = -2*k - 3*r, 4*k - 4*r - 100 = 0. Calculate the highest common factor of k and x.
7
Suppose 2*q + 2 = 18. Calculate the highest common factor of q and 20.
4
Let b be 104/6 - (-2)/3. Suppose 0 = -2*s + 5*p - 4, -5*s - 2*p = -22 + 3. Suppose 0 = 6*k - s*k - 270. Calculate the greatest common divisor of k and b.
18
Suppose 0 = -i + 8 + 12. Calculate the greatest common divisor of i and 20.
20
Suppose 14 = -4*u + 3*i - 40, 0 = 4*i + 8. Let g be -3*(-3)/u*-10. Calculate the highest common divisor of g and 15.
3
Let r = -33 + -143. Let z = r + 246. Suppose 202 = 3*g + z. Calculate the highest common divisor of 11 and g.
11
Suppose 162 = -0*v + 6*v. Calculate the highest common factor of 54 and v.
27
Suppose 5*t - 4*t - 2 = 0. What is the highest common divisor of t and 16?
2
Let c(y) = -96*y - 5. Let m be c(-2). What is the highest common factor of 17 and m?
17
Suppose -3*y - 2*o = -10, -y = 4*y + 3*o - 16. Let b = 137 + -93. Suppose -6*p - b = -8*p. Calculate the highest common factor of p and y.
2
Let s(w) = 2*w - 6. Let p be s(4). Suppose 0 = -0*q - p*q + 330. Suppose 3*y = -3*b + 48, b - 4*b - 12 = -y. Calculate the highest common factor of y and q.
15
Suppose 3*n + 10 = 8*n + 4*y, 3*y - 10 = -5*n. Suppose 71 = 4*o + o - 2*k, -4 = -n*k. What is the highest common divisor of o and 45?
15
Suppose 0 = 5*q - q - 100. Calculate the highest common factor of 10 and q.
5
Suppose 0*g + g - 6 = 0. Let v(n) = 3*n**2 - 7*n + 6. Let d be v(g). What is the highest common factor of 8 and d?
8
Let j = -12 - -38. Suppose 0 = -0*v + v - j. Calculate the greatest common factor of 39 and v.
13
Suppose 3*k - 13 = 23. Calculate the greatest common factor of 12 and k.
12
Let a be -3*1*25/(-15). Let p be (-4)/10 + 522/a. Calculate the highest common factor of p and 13.
13
Let p be 1603/21 + (-2)/(-3). Calculate the highest common divisor of 7 and p.
7
Let n(m) = -2*m**3 - m**2. Let c be n(-4). Let y = c + -32. Calculate the highest common factor of 16 and y.
16
Let p = -482 - -851. Calculate the highest common factor of p and 41.
41
Suppose -5*h - q + 174 = 0, -4*h + 0*q + 132 = -q. What is the highest common divisor of 85 and h?
17
Let v(g) = -3*g - 3. Let q be v(7). Let j be q/14*105/(-2). Calculate the highest common factor of j and 18.
18
Let p be 2/(-6) - (-158)/6. Let f be (-6*1)/((-3)/p). What is the greatest common factor of f and 13?
13
Suppose 5*d + 4*p - 62 - 4 = 0, 4*d - p = 36. Calculate the greatest common factor of 80 and d.
10
Let j be 5/(-2)*4/(-5). Suppose -5*u = 4*l - 30 - 12, -j*l + 3*u + 10 = 0. Calculate the greatest common factor of 16 and l.
8
Let p be 32/10 - 6/30. Let y = 15 - p. What is the greatest common factor of 12 and y?
12
Let s(c) = -3*c - 3. Let r(b) = b**3 + 2*b**2 - 6*b - 3. Let m be r(-4). Let x be s(m). What is the highest common divisor of x and 6?
6
Let u = -18 + 8. Let g be ((-4)/3)/(u/90). Calculate the greatest common factor of g and 132.
12
Suppose 5*w - w = 36. Suppose 3*q = -4*s - 11, s + 0*q + w = -2*q. Calculate the greatest common factor of 7 and s.
1
Let k(x) = x + 7. Let l be k(-7). Suppose -4*d + 4*q + 477 = 5*q, 5*q + 15 = l. What is the highest common divisor of 12 and d?
12
Suppose -4*y - 72 = -u + 32, 466 = 5*u - 2*y. Suppose -3*g + 2*r = -108 + 37, 4*r - 111 = -5*g. What is the highest common divisor of u and g?
23
Let i be 10/(-35) + (-282)/(-7). What is the greatest common factor of 16 and i?
8
Let a(g) = 4*g**3 + g**2 + g - 1. Let i be a(2). Suppose 3*y - i = 77. What is the highest common divisor of 57 and y?
19
Let v be 53*12*(-3)/(-6). Suppose 87 = -3*c - 4*k - v, -c = 3*k + 135. Let t = -78 - c. What is the highest common divisor of 19 and t?
19
Suppose 0 = b - 2 + 1. Let x be 3 + 1 + b + -2. Suppose 0 = 6*l - x*l - 72. Calculate the greatest common divisor of 36 and l.
12
Let w(x) = x**2 + 3*x - 3. Let s be w(2). What is the highest common divisor of s and 21?
7
Suppose -3*f + 4*c - 1 = 0, -2*f + c + 0 = -1. Let y = -2 - -3. Let i be (-1 - f)*y*-7. What is the highest common factor of i and 7?
7
Suppose 3 = -5*k + 8. Let x(o) = k - 4 - 2*o + 3. Let t be x(-2). What is the highest common factor of t and 10?
2
Let b(q) = q**2 - 7*q + 9. Let l be b(6). Suppose -l*z + 3 = -3. Suppose r - 12 = -z*r. Calculate the greatest common factor of r and 16.
4
Let n = -15 + 43. Suppose u + n = 3*a, -u + 16 = a - 3*u. Let y(c) = c**2 + 10*c - 11. Let w be y(-15). What is the greatest common divisor of w and a?
8
Let v = 11 + -9. Suppose 0 = -2*l + 86 - v. What is the highest common divisor of 28 and l?
14
Suppose -5*m = h - 12 - 16, 5*m + 4*h - 22 = 0. What is the highest common divisor of 48 and m?
6
Let k(t) = t**3 + 8*t**2 + 3*t - 7. Let x be k(-7). Suppose 0 = -2*j + 11 + x. Calculate the greatest common divisor of 176 and j.
16
Let a be 867/12 - (-1)/(-4). Let l = a - 32. Suppose k + 4 = 2*k - 2*i, -4*k - 4*i + l = 0. Calculate the greatest common factor of 40 and k.
8
Suppose 4*i = 9*i - 275. Suppose -2*m + 5*m + 2*s - 76 = 0, 4*s - 20 = 0. Calculate the highest common divisor of i and m.
11
Suppose 4*i = 4*d - 324, 0*i + 5*d + 351 = -4*i. Let k be i/(-4)*(-2)/(-6). What is the highest common divisor of k and 56?
7
Let l be (12/10)/(16/40). Suppose 5*z + 2*r = 7, -l*z - 3*r = -2*z + 9. Let v(s) = 4*s - 2. Let y be v(z). What is the highest common factor of 4 and y?
2
Let r(u) = u**2 + u + 6. Let i be r(0). Suppose 3*a + 9 = i*a. Let m be -6*(a + 34/(-4)). What is the greatest common divisor of 11 and m?
11
Let p = 191 - -24. Let a = p + -45. Suppose -a = -2*n + 2*h, -3*n + h + 80 = -173. What is the highest common divisor of 12 and n?
12
Let c = -266 - -431. What is the greatest common factor of c and 11?
11
Suppose -5*k - 685 = -10*k. Suppose -k - 121 = 3*s. Let m = -23 - s. Calculate the greatest common divisor of 7 and m.
7
Suppose 67 = g + 3*w, -5*g = -6*g - 2*w + 63. Calculate the highest common factor of g and 5.
5
Suppose p = 4*a - 8*a + 106, -p - 110 = -4*a. What is the highest common divisor of a and 108?
27
Let w(l) = 3*l + 1. Let o be w(4). Let r = -248 - -144. Let v be r*(4/(-2) + 1). What is the greatest common divisor of o and v?
13
Let d(q) = -q - 4 + 6 + 4 + 0*q. Let h be d(3). Calculate the highest common factor of 1 and h.
1
Suppose 31 = 4*z - 13. What is the greatest common factor of z and 44?
11
Suppose -4*y + 47 + 5 = 0. Suppose -2*g + 2*x + 0*x + 64 = 0, -x + 128 = 4*g. Suppose 0 = -2*r + 46 + g. Calculate the greatest common divisor of r and y.
13
Let y be 3/(-2) + (-30)/(-4). Let v be (2/6)/(3/(-9)). Let j be (88/12)/(v/(-9)). Calculate the greatest common factor of j and y.
6
Suppose -43*f - 50 = -45*f. Calculate the greatest common divisor of f and 25.
25
Let i be 114/(-4)*(-40)/30. Let p(t) = -t**3 - 7*t**2 - 4*t - 9. Let n be p(-7). What is the greatest common factor of i and n?
19
Suppose f - 5*f + 8 = 0. Suppose -l = -5*g - 20, 0*l - f*l - 2*g + 52 = 0. What is the greatest common factor of 25 and l?
25
Let v = -20 + 38. Calculate the greatest common factor of v and 2.
2
Let u be (-5)/(-2) + (-6)/(-12). Suppose -u*t + 6 = -t. Suppose t*m + 2*m - 990 = 0. What is the highest common factor of m and 22?
22
Suppose 6*r - 45 = 9. Calculate the highest common factor of 3 and r.
3
Let u = -3 + 24. Calculate the greatest common factor of 105 and u.
21
Let o(r) be the third derivative of r**5/30 - 13*r**4/24 - r**3/2 - 2*r**2. Let c be o(7). Calculate the greate